[INFO] fetching crate tc-transaction-pool 2.0.0...
[INFO] building tc-transaction-pool-2.0.0 against master#881c1ac408d93bb7adaa3a51dabab9266e82eee8 for issue-85264
[INFO] extracting crate tc-transaction-pool 2.0.0 into /workspace/builds/worker-3/source
[INFO] validating manifest of crates.io crate tc-transaction-pool 2.0.0 on toolchain 881c1ac408d93bb7adaa3a51dabab9266e82eee8
[INFO] running `Command { std: "/workspace/cargo-home/bin/cargo" "+881c1ac408d93bb7adaa3a51dabab9266e82eee8" "metadata" "--manifest-path" "Cargo.toml" "--no-deps", kill_on_drop: false }`
[INFO] started tweaking crates.io crate tc-transaction-pool 2.0.0
[INFO] finished tweaking crates.io crate tc-transaction-pool 2.0.0
[INFO] tweaked toml for crates.io crate tc-transaction-pool 2.0.0 written to /workspace/builds/worker-3/source/Cargo.toml
[INFO] running `Command { std: "/workspace/cargo-home/bin/cargo" "+881c1ac408d93bb7adaa3a51dabab9266e82eee8" "generate-lockfile" "--manifest-path" "Cargo.toml" "-Zno-index-update", kill_on_drop: false }`
[INFO] running `Command { std: "/workspace/cargo-home/bin/cargo" "+881c1ac408d93bb7adaa3a51dabab9266e82eee8" "fetch" "--manifest-path" "Cargo.toml", kill_on_drop: false }`
[INFO] [stderr]     Blocking waiting for file lock on package cache
[INFO] [stderr]     Blocking waiting for file lock on package cache
[INFO] [stderr]  Downloading crates ...
[INFO] [stderr]   Downloaded tp-runtime v2.0.2
[INFO] [stderr]   Downloaded tetsy-scale-codec v2.0.1
[INFO] [stderr]   Downloaded tetsy-primitive-types v0.9.0
[INFO] [stderr]   Downloaded tetsy-impl-codec v0.5.0
[INFO] [stderr]   Downloaded tetsy-impl-serde v0.3.1
[INFO] [stderr]   Downloaded serializer v2.0.2
[INFO] [stderr]   Downloaded tp-tasks v2.0.1
[INFO] [stderr]   Downloaded tc-executor-common v0.8.0
[INFO] [stderr]   Downloaded tp-state-machine v0.8.2
[INFO] [stderr]   Downloaded tc-client-api v2.0.0
[INFO] [stderr]   Downloaded unsigned-varint v0.7.0
[INFO] [stderr]   Downloaded tp-blockchain v2.0.2
[INFO] [stderr]   Downloaded tp-allocator v2.0.2
[INFO] [stderr]   Downloaded tet-application-crypto v2.0.2
[INFO] [stderr]   Downloaded tetsy-multiaddr v0.11.2
[INFO] [stderr]   Downloaded tetsy-libp2p-swarm v0.27.1
[INFO] [stderr]   Downloaded tetsy-libp2p-core-derive v0.21.1
[INFO] [stderr]   Downloaded intervalier v0.4.0
[INFO] [stderr]   Downloaded tc-block-builder v0.8.0
[INFO] [stderr]   Downloaded tetsy-kvdb v0.9.0
[INFO] [stderr]   Downloaded futures-diagnose v1.0.1
[INFO] [stderr]   Downloaded tc-transaction-graph v2.0.0
[INFO] [stderr]   Downloaded tp-keyring v2.0.2
[INFO] [stderr]   Downloaded impl-trait-for-tuples v0.2.1
[INFO] [stderr]   Downloaded tetsy-fixed-hash v0.7.0
[INFO] [stderr]   Downloaded tetsy-scale-codec-derive v2.0.1
[INFO] [stderr]   Downloaded tetsy-trie-root v0.16.1
[INFO] [stderr]   Downloaded tp-runtime-interface v2.0.2
[INFO] [stderr]   Downloaded tetsy-wasm v0.41.0
[INFO] [stderr]   Downloaded tc-executor v0.8.0
[INFO] [stderr]   Downloaded tp-api-proc-macro v2.0.2
[INFO] [stderr]   Downloaded tp-inherents v2.0.2
[INFO] [stderr]   Downloaded tp-block-builder v2.0.2
[INFO] [stderr]   Downloaded twasmi v0.6.2
[INFO] [stderr]   Downloaded tetsy-hash-db v0.15.3
[INFO] [stderr]   Downloaded tetsy-memory-db v0.26.0
[INFO] [stderr]   Downloaded tetsy-libp2p-core v0.27.2
[INFO] [stderr]   Downloaded tet-io v2.0.2
[INFO] [stderr]   Downloaded tet-core v2.0.2
[INFO] [stderr]   Downloaded twasmi-validation v0.3.0
[INFO] [stderr]   Downloaded tetsy-trie-db v0.22.3
[INFO] [stderr]   Downloaded tp-trie v2.0.2
[INFO] [stderr]   Downloaded tetcore-std v2.0.2
[INFO] [stderr]   Downloaded tetsy-util-mem v0.9.0
[INFO] [stderr]   Downloaded uint-crate v0.9.0
[INFO] [stderr]   Downloaded tp-transaction-pool v2.0.2
[INFO] [stderr]   Downloaded byte-slice-cast v1.0.0
[INFO] [stderr]   Downloaded tetcore-utils v2.0.2
[INFO] [stderr]   Downloaded prometheus-endpoint v0.8.1
[INFO] [stderr]   Downloaded tetcore-database v2.0.2
[INFO] [stderr]   Downloaded tetsy-multistream-select v0.10.2
[INFO] [stderr]   Downloaded tetsy-libp2p v0.34.3
[INFO] [stderr]   Downloaded tp-api v2.0.2
[INFO] [stderr]   Downloaded panic-handler v2.0.2
[INFO] [stderr]   Downloaded tp-version v2.0.2
[INFO] [stderr]   Downloaded tp-keystore v0.8.1
[INFO] [stderr]   Downloaded arithmetic v2.0.2
[INFO] [stderr]   Downloaded tp-consensus v0.8.2
[INFO] [stderr]   Downloaded tetcore-bip39 v0.4.2
[INFO] [stderr]   Downloaded environ v1.1.2
[INFO] [stderr]   Downloaded debug-derive v2.0.2
[INFO] [stderr]   Downloaded tetcore-tracing v2.0.2
[INFO] [stderr]   Downloaded externalities v0.8.2
[INFO] [stderr]   Downloaded tetcore-wasm-interface v2.0.2
[INFO] [stderr]   Downloaded tp-runtime-interface-proc-macro v2.0.2
[INFO] [stderr]   Downloaded tetsy-hash256-std-hasher v0.15.3
[INFO] [stderr]   Downloaded pbkdf2 v0.4.0
[INFO] [stderr]   Downloaded tiny-bip39 v0.8.0
[INFO] [stderr]   Downloaded tetsy-util-mem-derive v0.1.0
[INFO] [stderr]   Downloaded tc-executor-twasmi v0.8.0
[INFO] [stderr]   Downloaded tetcore-storage v2.0.2
[INFO] running `Command { std: "docker" "create" "-v" "/var/lib/crater-agent-workspace/builds/worker-3/target:/opt/rustwide/target:rw,Z" "-v" "/var/lib/crater-agent-workspace/builds/worker-3/source:/opt/rustwide/workdir:ro,Z" "-v" "/var/lib/crater-agent-workspace/cargo-home:/opt/rustwide/cargo-home:ro,Z" "-v" "/var/lib/crater-agent-workspace/rustup-home:/opt/rustwide/rustup-home:ro,Z" "-e" "SOURCE_DIR=/opt/rustwide/workdir" "-e" "CARGO_TARGET_DIR=/opt/rustwide/target" "-e" "CARGO_HOME=/opt/rustwide/cargo-home" "-e" "RUSTUP_HOME=/opt/rustwide/rustup-home" "-w" "/opt/rustwide/workdir" "-m" "1610612736" "--user" "0:0" "--network" "none" "ghcr.io/rust-lang/crates-build-env/linux@sha256:20528e8c29e4536546f0102ce88568b16ea7538393a33fcca951030f7af10457" "/opt/rustwide/cargo-home/bin/cargo" "+881c1ac408d93bb7adaa3a51dabab9266e82eee8" "metadata" "--no-deps" "--format-version=1", kill_on_drop: false }`
[INFO] [stderr] WARNING: Your kernel does not support swap limit capabilities or the cgroup is not mounted. Memory limited without swap.
[INFO] [stdout] 5b8a422f2e7664758cbd240ac4ec24d20384fe73aeb4baf8204e67f1d75a4da4
[INFO] running `Command { std: "docker" "start" "-a" "5b8a422f2e7664758cbd240ac4ec24d20384fe73aeb4baf8204e67f1d75a4da4", kill_on_drop: false }`
[INFO] running `Command { std: "docker" "inspect" "5b8a422f2e7664758cbd240ac4ec24d20384fe73aeb4baf8204e67f1d75a4da4", kill_on_drop: false }`
[INFO] running `Command { std: "docker" "rm" "-f" "5b8a422f2e7664758cbd240ac4ec24d20384fe73aeb4baf8204e67f1d75a4da4", kill_on_drop: false }`
[INFO] [stdout] 5b8a422f2e7664758cbd240ac4ec24d20384fe73aeb4baf8204e67f1d75a4da4
[INFO] running `Command { std: "docker" "create" "-v" "/var/lib/crater-agent-workspace/builds/worker-3/target:/opt/rustwide/target:rw,Z" "-v" "/var/lib/crater-agent-workspace/builds/worker-3/source:/opt/rustwide/workdir:ro,Z" "-v" "/var/lib/crater-agent-workspace/cargo-home:/opt/rustwide/cargo-home:ro,Z" "-v" "/var/lib/crater-agent-workspace/rustup-home:/opt/rustwide/rustup-home:ro,Z" "-e" "SOURCE_DIR=/opt/rustwide/workdir" "-e" "CARGO_TARGET_DIR=/opt/rustwide/target" "-e" "CARGO_INCREMENTAL=0" "-e" "RUST_BACKTRACE=full" "-e" "RUSTFLAGS=--cap-lints=forbid" "-e" "CARGO_HOME=/opt/rustwide/cargo-home" "-e" "RUSTUP_HOME=/opt/rustwide/rustup-home" "-w" "/opt/rustwide/workdir" "-m" "1610612736" "--user" "0:0" "--network" "none" "ghcr.io/rust-lang/crates-build-env/linux@sha256:20528e8c29e4536546f0102ce88568b16ea7538393a33fcca951030f7af10457" "/opt/rustwide/cargo-home/bin/cargo" "+881c1ac408d93bb7adaa3a51dabab9266e82eee8" "build" "--frozen" "--message-format=json", kill_on_drop: false }`
[INFO] [stdout] 3f20ab9ee42638f95b408e1d60c93889bb3861f1df7cbd9081bd65d39db554d3
[INFO] [stderr] WARNING: Your kernel does not support swap limit capabilities or the cgroup is not mounted. Memory limited without swap.
[INFO] running `Command { std: "docker" "start" "-a" "3f20ab9ee42638f95b408e1d60c93889bb3861f1df7cbd9081bd65d39db554d3", kill_on_drop: false }`
[INFO] [stderr]    Compiling syn v1.0.72
[INFO] [stderr]    Compiling autocfg v1.0.1
[INFO] [stderr]    Compiling serde v1.0.126
[INFO] [stderr]    Compiling memchr v2.4.0
[INFO] [stderr]    Compiling scopeguard v1.1.0
[INFO] [stderr]    Compiling smallvec v1.6.1
[INFO] [stderr]    Compiling byteorder v1.4.3
[INFO] [stderr]    Compiling lazy_static v1.4.0
[INFO] [stderr]    Compiling radium v0.6.2
[INFO] [stderr]    Compiling arrayvec v0.5.2
[INFO] [stderr]    Compiling crunchy v0.2.2
[INFO] [stderr]    Compiling funty v1.1.0
[INFO] [stderr]    Compiling byte-slice-cast v1.0.0
[INFO] [stderr]    Compiling anyhow v1.0.40
[INFO] [stderr]    Compiling regex-syntax v0.6.25
[INFO] [stderr]    Compiling rustc-hex v2.1.0
[INFO] [stderr]    Compiling cpufeatures v0.1.4
[INFO] [stderr]    Compiling opaque-debug v0.3.0
[INFO] [stderr]    Compiling cfg-if v0.1.10
[INFO] [stderr]    Compiling tetcore-std v2.0.2
[INFO] [stderr]    Compiling signature v1.3.0
[INFO] [stderr]    Compiling tetsy-util-mem v0.9.0
[INFO] [stderr]    Compiling ref-cast v1.0.6
[INFO] [stderr]    Compiling tetsy-wasm v0.41.0
[INFO] [stderr]    Compiling tetsy-hash-db v0.15.3
[INFO] [stderr]    Compiling memory_units v0.3.0
[INFO] [stderr]    Compiling ansi_term v0.12.1
[INFO] [stderr]    Compiling downcast-rs v1.2.0
[INFO] [stderr]    Compiling environ v1.1.2
[INFO] [stderr]    Compiling either v1.6.1
[INFO] [stderr]    Compiling tiny-keccak v2.0.2
[INFO] [stderr]    Compiling rustc-hash v1.1.0
[INFO] [stderr]    Compiling dyn-clone v1.0.4
[INFO] [stderr]    Compiling base58 v0.1.0
[INFO] [stderr]    Compiling fixedbitset v0.2.0
[INFO] [stderr]    Compiling remove_dir_all v0.5.3
[INFO] [stderr]    Compiling multimap v0.8.3
[INFO] [stderr]    Compiling percent-encoding v2.1.0
[INFO] [stderr]    Compiling unsigned-varint v0.6.0
[INFO] [stderr]    Compiling untrusted v0.7.1
[INFO] [stderr]    Compiling prometheus v0.10.0
[INFO] [stderr]    Compiling semver-parser v0.7.0
[INFO] [stderr]    Compiling unsigned-varint v0.7.0
[INFO] [stderr]    Compiling data-encoding v2.3.2
[INFO] [stderr]    Compiling bs58 v0.4.0
[INFO] [stderr]    Compiling void v1.0.2
[INFO] [stderr]    Compiling maybe-uninit v2.0.0
[INFO] [stderr]    Compiling futures-timer v2.0.2
[INFO] [stderr]    Compiling retain_mut v0.1.3
[INFO] [stderr]    Compiling instant v0.1.9
[INFO] [stderr]    Compiling lock_api v0.4.4
[INFO] [stderr]    Compiling lock_api v0.3.4
[INFO] [stderr]    Compiling tracing-core v0.1.18
[INFO] [stderr]    Compiling sharded-slab v0.1.1
[INFO] [stderr]    Compiling backtrace v0.3.59
[INFO] [stderr]    Compiling ring v0.16.20
[INFO] [stderr]    Compiling ed25519 v1.1.1
[INFO] [stderr]    Compiling tetsy-trie-root v0.16.1
[INFO] [stderr]    Compiling itertools v0.9.0
[INFO] [stderr]    Compiling form_urlencoded v1.0.1
[INFO] [stderr]    Compiling futures-macro v0.3.15
[INFO] [stderr]    Compiling futures-util v0.3.15
[INFO] [stderr]    Compiling num-traits v0.2.14
[INFO] [stderr]    Compiling num-integer v0.1.44
[INFO] [stderr]    Compiling num-bigint v0.2.6
[INFO] [stderr]    Compiling num-rational v0.2.4
[INFO] [stderr]    Compiling miniz_oxide v0.4.4
[INFO] [stderr]    Compiling indexmap v1.6.2
[INFO] [stderr]    Compiling crossbeam-utils v0.8.4
[INFO] [stderr]    Compiling atomic v0.5.0
[INFO] [stderr]    Compiling proc-macro2 v1.0.27
[INFO] [stderr]    Compiling semver v0.9.0
[INFO] [stderr]    Compiling parking_lot_core v0.8.3
[INFO] [stderr]    Compiling getrandom v0.2.3
[INFO] [stderr]    Compiling getrandom v0.1.16
[INFO] [stderr]    Compiling num_cpus v1.13.0
[INFO] [stderr]    Compiling which v4.1.0
[INFO] [stderr]    Compiling socket2 v0.4.0
[INFO] [stderr]    Compiling signal-hook-registry v1.3.0
[INFO] [stderr]    Compiling generic-array v0.12.4
[INFO] [stderr]    Compiling paste-impl v0.1.18
[INFO] [stderr]    Compiling blake2-rfc v0.2.18
[INFO] [stderr]    Compiling uint-crate v0.9.0
[INFO] [stderr]    Compiling tetsy-hash256-std-hasher v0.15.3
[INFO] [stderr]    Compiling bitvec v0.20.4
[INFO] [stderr]    Compiling rustc_version v0.2.3
[INFO] [stderr]    Compiling rand_core v0.6.2
[INFO] [stderr]    Compiling rand_core v0.5.1
[INFO] [stderr]    Compiling parking_lot v0.11.1
[INFO] [stderr]    Compiling digest v0.9.0
[INFO] [stderr]    Compiling block-buffer v0.9.0
[INFO] [stderr]    Compiling crypto-mac v0.8.0
[INFO] [stderr]    Compiling quote v1.0.9
[INFO] [stderr]    Compiling prost-build v0.7.0
[INFO] [stderr]    Compiling url v2.2.2
[INFO] [stderr]    Compiling twasmi-validation v0.3.0
[INFO] [stderr]    Compiling signal-hook v0.3.8
[INFO] [stderr]    Compiling aho-corasick v0.7.18
[INFO] [stderr]    Compiling futures-lite v1.11.3
[INFO] [stderr]    Compiling tokio v0.2.25
[INFO] [stderr]    Compiling digest v0.8.1
[INFO] [stderr]    Compiling crypto-mac v0.7.0
[INFO] [stderr]    Compiling block-buffer v0.7.3
[INFO] [stderr]    Compiling smallvec v0.6.14
[INFO] [stderr]    Compiling rand_chacha v0.3.0
[INFO] [stderr]    Compiling sha2 v0.9.5
[INFO] [stderr]    Compiling rand_chacha v0.2.2
[INFO] [stderr]    Compiling rand_pcg v0.2.1
[INFO] [stderr]    Compiling parking_lot_core v0.6.2
[INFO] [stderr]    Compiling parking_lot v0.9.0
[INFO] [stderr]    Compiling regex-automata v0.1.9
[INFO] [stderr]    Compiling once_cell v1.7.2
[INFO] [stderr]    Compiling hmac v0.8.1
[INFO] [stderr]    Compiling pbkdf2 v0.4.0
[INFO] [stderr]    Compiling paste v0.1.18
[INFO] [stderr]    Compiling proc-macro-error-attr v1.0.4
[INFO] [stderr]    Compiling hmac v0.7.1
[INFO] [stderr]    Compiling pbkdf2 v0.3.0
[INFO] [stderr]    Compiling sha2 v0.8.2
[INFO] [stderr]    Compiling integer-sqrt v0.1.5
[INFO] [stderr]    Compiling rand v0.8.3
[INFO] [stderr]    Compiling petgraph v0.5.1
[INFO] [stderr]    Compiling regex v1.5.4
[INFO] [stderr]    Compiling rand v0.7.3
[INFO] [stderr]    Compiling thread_local v1.1.3
[INFO] [stderr]    Compiling async-executor v1.4.1
[INFO] [stderr]    Compiling blocking v1.0.2
[INFO] [stderr]    Compiling hmac-drbg v0.2.0
[INFO] [stderr]    Compiling chrono v0.4.19
[INFO] [stderr]    Compiling matchers v0.0.1
[INFO] [stderr]    Compiling panic-handler v2.0.2
[INFO] [stderr]    Compiling tetsy-fixed-hash v0.7.0
[INFO] [stderr]    Compiling tempfile v3.2.0
[INFO] [stderr]    Compiling libsecp256k1 v0.3.5
[INFO] [stderr]    Compiling twox-hash v1.6.0
[INFO] [stderr]    Compiling Inflector v0.11.4
[INFO] [stderr]    Compiling twasmi v0.6.2
[INFO] [stderr]    Compiling synstructure v0.12.4
[INFO] [stderr]    Compiling proc-macro-error v1.0.4
[INFO] [stderr]    Compiling serde_derive v1.0.126
[INFO] [stderr]    Compiling ctor v0.1.20
[INFO] [stderr]    Compiling thiserror-impl v1.0.25
[INFO] [stderr]    Compiling zeroize_derive v1.1.0
[INFO] [stderr]    Compiling impl-trait-for-tuples v0.2.1
[INFO] [stderr]    Compiling tetsy-util-mem-derive v0.1.0
[INFO] [stderr]    Compiling debug-derive v2.0.2
[INFO] [stderr]    Compiling ref-cast-impl v1.0.6
[INFO] [stderr]    Compiling dyn-clonable-impl v0.9.0
[INFO] [stderr]    Compiling derive_more v0.99.14
[INFO] [stderr]    Compiling pin-project-internal v1.0.7
[INFO] [stderr]    Compiling async-trait v0.1.50
[INFO] [stderr]    Compiling prost-derive v0.7.0
[INFO] [stderr]    Compiling pin-project-internal v0.4.28
[INFO] [stderr]    Compiling asn1_der_derive v0.1.2
[INFO] [stderr]    Compiling tetsy-libp2p-core-derive v0.21.1
[INFO] [stderr]    Compiling dyn-clonable v0.9.0
[INFO] [stderr]    Compiling zeroize v1.3.0
[INFO] [stderr]    Compiling value-bag v1.0.0-alpha.7
[INFO] [stderr]    Compiling curve25519-dalek v3.1.0
[INFO] [stderr]    Compiling merlin v2.0.1
[INFO] [stderr]    Compiling curve25519-dalek v2.1.2
[INFO] [stderr]    Compiling secrecy v0.7.0
[INFO] [stderr]    Compiling log v0.4.14
[INFO] [stderr]    Compiling asn1_der v0.6.3
[INFO] [stderr]    Compiling tracing v0.1.26
[INFO] [stderr]    Compiling tracing-log v0.1.2
[INFO] [stderr]    Compiling tetsy-trie-db v0.22.3
[INFO] [stderr]    Compiling polling v2.0.3
[INFO] [stderr]    Compiling tokio-util v0.3.1
[INFO] [stderr]    Compiling kv-log-macro v1.0.7
[INFO] [stderr]    Compiling want v0.3.0
[INFO] [stderr]    Compiling thiserror v1.0.25
[INFO] [stderr]    Compiling async-io v1.4.1
[INFO] [stderr]    Compiling tiny-bip39 v0.8.0
[INFO] [stderr]    Compiling pin-project v1.0.7
[INFO] [stderr]    Compiling tracing-futures v0.2.5
[INFO] [stderr]    Compiling prost v0.7.0
[INFO] [stderr]    Compiling async-process v1.1.0
[INFO] [stderr]    Compiling async-global-executor v2.0.2
[INFO] [stderr]    Compiling prost-types v0.7.0
[INFO] [stderr]    Compiling async-std v1.9.0
[INFO] [stderr]    Compiling pin-project v0.4.28
[INFO] [stderr]    Compiling futures-executor v0.3.15
[INFO] [stderr]    Compiling h2 v0.2.7
[INFO] [stderr]    Compiling futures v0.3.15
[INFO] [stderr]    Compiling tetsy-multistream-select v0.10.2
[INFO] [stderr]    Compiling rw-stream-sink v0.2.1
[INFO] [stderr]    Compiling wasm-timer v0.2.5
[INFO] [stderr]    Compiling tetcore-utils v2.0.2
[INFO] [stderr]    Compiling intervalier v0.4.0
[INFO] [stderr]    Compiling tetsy-libp2p-core v0.27.2
[INFO] [stderr]    Compiling toml v0.5.8
[INFO] [stderr]    Compiling tetsy-impl-serde v0.3.1
[INFO] [stderr]    Compiling serde_json v1.0.64
[INFO] [stderr]    Compiling ed25519-dalek v1.0.1
[INFO] [stderr]    Compiling tracing-serde v0.1.2
[INFO] [stderr]    Compiling impl-serde v0.3.1
[INFO] [stderr]    Compiling schnorrkel v0.9.1
[INFO] [stderr]    Compiling tetcore-bip39 v0.4.2
[INFO] [stderr]    Compiling hyper v0.13.10
[INFO] [stderr]    Compiling tracing-subscriber v0.2.18
[INFO] [stderr]    Compiling serializer v2.0.2
[INFO] [stderr]    Compiling futures-diagnose v1.0.1
[INFO] [stderr]    Compiling proc-macro-crate v0.1.5
[INFO] [stderr]    Compiling proc-macro-crate v1.0.0
[INFO] [stderr]    Compiling tetsy-scale-codec-derive v2.0.1
[INFO] [stderr]    Compiling tp-runtime-interface-proc-macro v2.0.2
[INFO] [stderr]    Compiling multihash-derive v0.7.2
[INFO] [stderr]    Compiling tp-api-proc-macro v2.0.2
[INFO] [stderr]    Compiling multihash v0.13.2
[INFO] [stderr]    Compiling tetsy-scale-codec v2.0.1
[INFO] [stderr]    Compiling tetsy-multiaddr v0.11.2
[INFO] [stderr]    Compiling prometheus-endpoint v0.8.1
[INFO] [stderr]    Compiling tetsy-impl-codec v0.5.0
[INFO] [stderr]    Compiling tetcore-storage v2.0.2
[INFO] [stderr]    Compiling tetcore-tracing v2.0.2
[INFO] [stderr]    Compiling tetcore-wasm-interface v2.0.2
[INFO] [stderr]    Compiling arithmetic v2.0.2
[INFO] [stderr]    Compiling tetsy-primitive-types v0.9.0
[INFO] [stderr]    Compiling tetsy-libp2p-swarm v0.27.1
[INFO] [stderr]    Compiling externalities v0.8.2
[INFO] [stderr]    Compiling tetsy-libp2p v0.34.3
[INFO] [stderr]    Compiling tp-runtime-interface v2.0.2
[INFO] [stderr]    Compiling tetsy-memory-db v0.26.0
[INFO] [stderr]    Compiling tetsy-kvdb v0.9.0
[INFO] [stderr]    Compiling tetcore-database v2.0.2
[INFO] [stderr]    Compiling tet-core v2.0.2
[INFO] [stderr]    Compiling tp-trie v2.0.2
[INFO] [stderr]    Compiling tp-keystore v0.8.1
[INFO] [stderr]    Compiling tp-inherents v2.0.2
[INFO] [stderr]    Compiling tp-allocator v2.0.2
[INFO] [stderr]    Compiling tc-executor-common v0.8.0
[INFO] [stderr]    Compiling tp-state-machine v0.8.2
[INFO] [stderr]    Compiling tc-executor-twasmi v0.8.0
[INFO] [stderr]    Compiling tet-io v2.0.2
[INFO] [stderr]    Compiling tet-application-crypto v2.0.2
[INFO] [stderr]    Compiling tp-tasks v2.0.1
[INFO] [stderr]    Compiling tp-runtime v2.0.2
[INFO] [stderr]    Compiling tp-version v2.0.2
[INFO] [stderr]    Compiling tp-api v2.0.2
[INFO] [stderr]    Compiling tp-consensus v0.8.2
[INFO] [stderr]    Compiling tc-executor v0.8.0
[INFO] [stderr]    Compiling tp-blockchain v2.0.2
[INFO] [stderr]    Compiling tp-transaction-pool v2.0.2
[INFO] [stderr]    Compiling tc-transaction-graph v2.0.0
[INFO] [stderr]    Compiling tc-client-api v2.0.0
[INFO] [stderr]    Compiling tc-transaction-pool v2.0.0 (/opt/rustwide/workdir)
[INFO] [stderr]     Finished dev [unoptimized + debuginfo] target(s) in 7m 46s
[INFO] running `Command { std: "docker" "inspect" "3f20ab9ee42638f95b408e1d60c93889bb3861f1df7cbd9081bd65d39db554d3", kill_on_drop: false }`
[INFO] running `Command { std: "docker" "rm" "-f" "3f20ab9ee42638f95b408e1d60c93889bb3861f1df7cbd9081bd65d39db554d3", kill_on_drop: false }`
[INFO] [stdout] 3f20ab9ee42638f95b408e1d60c93889bb3861f1df7cbd9081bd65d39db554d3
[INFO] running `Command { std: "docker" "create" "-v" "/var/lib/crater-agent-workspace/builds/worker-3/target:/opt/rustwide/target:rw,Z" "-v" "/var/lib/crater-agent-workspace/builds/worker-3/source:/opt/rustwide/workdir:ro,Z" "-v" "/var/lib/crater-agent-workspace/cargo-home:/opt/rustwide/cargo-home:ro,Z" "-v" "/var/lib/crater-agent-workspace/rustup-home:/opt/rustwide/rustup-home:ro,Z" "-e" "SOURCE_DIR=/opt/rustwide/workdir" "-e" "CARGO_TARGET_DIR=/opt/rustwide/target" "-e" "CARGO_INCREMENTAL=0" "-e" "RUST_BACKTRACE=full" "-e" "RUSTFLAGS=--cap-lints=forbid" "-e" "CARGO_HOME=/opt/rustwide/cargo-home" "-e" "RUSTUP_HOME=/opt/rustwide/rustup-home" "-w" "/opt/rustwide/workdir" "-m" "1610612736" "--user" "0:0" "--network" "none" "ghcr.io/rust-lang/crates-build-env/linux@sha256:20528e8c29e4536546f0102ce88568b16ea7538393a33fcca951030f7af10457" "/opt/rustwide/cargo-home/bin/cargo" "+881c1ac408d93bb7adaa3a51dabab9266e82eee8" "test" "--frozen" "--no-run" "--message-format=json", kill_on_drop: false }`
[INFO] [stdout] e80ae58d8d44b17b8d5e97422b47034605eb4ec8e9d1933735264eff75fa6511
[INFO] [stderr] WARNING: Your kernel does not support swap limit capabilities or the cgroup is not mounted. Memory limited without swap.
[INFO] running `Command { std: "docker" "start" "-a" "e80ae58d8d44b17b8d5e97422b47034605eb4ec8e9d1933735264eff75fa6511", kill_on_drop: false }`
[INFO] [stderr]    Compiling assert_matches v1.5.0
[INFO] [stderr]    Compiling strum_macros v0.16.0
[INFO] [stderr]    Compiling tp-block-builder v2.0.2
[INFO] [stderr]    Compiling tc-block-builder v0.8.0
[INFO] [stderr]    Compiling strum v0.16.0
[INFO] [stderr]    Compiling tp-keyring v2.0.2
[INFO] [stderr]    Compiling tc-transaction-pool v2.0.0 (/opt/rustwide/workdir)
[INFO] [stdout] error[E0433]: failed to resolve: use of undeclared crate or module `tetcore_test_runtime_client`
[INFO] [stdout]    --> src/revalidation.rs:369:6
[INFO] [stdout]     |
[INFO] [stdout] 369 |     use tetcore_test_runtime_client::AccountKeyring::*;
[INFO] [stdout]     |         ^^^^^^^^^^^^^^^^^^^^^^^^^^^ use of undeclared crate or module `tetcore_test_runtime_client`
[INFO] [stdout] 
[INFO] [stdout] 
[INFO] [stdout] error[E0433]: failed to resolve: use of undeclared crate or module `tetcore_test_runtime_client`
[INFO] [stdout]   --> src/testing/pool.rs:27:5
[INFO] [stdout]    |
[INFO] [stdout] 27 | use tetcore_test_runtime_client::{
[INFO] [stdout]    |     ^^^^^^^^^^^^^^^^^^^^^^^^^^^ use of undeclared crate or module `tetcore_test_runtime_client`
[INFO] [stdout] 
[INFO] [stdout] 
[INFO] [stdout] error[E0432]: unresolved imports `tetcore_test_runtime_transaction_pool`, `tetcore_test_runtime_client::runtime::Block`, `tetcore_test_runtime_client::runtime::Hash`, `tetcore_test_runtime_client::runtime::Index`, `tetcore_test_runtime_client::runtime::Header`, `tetcore_test_runtime_client::runtime::Extrinsic`, `tetcore_test_runtime_client::runtime::Transfer`
[INFO] [stdout]    --> src/revalidation.rs:367:6
[INFO] [stdout]     |
[INFO] [stdout] 367 |     use tetcore_test_runtime_transaction_pool::{TestApi, uxt};
[INFO] [stdout]     |         ^^^^^^^^^^^^^^^^^^^^^^^^^^^^^^^^^^^^^ use of undeclared crate or module `tetcore_test_runtime_transaction_pool`
[INFO] [stdout]     | 
[INFO] [stdout]    ::: src/testing/pool.rs:28:15
[INFO] [stdout]     |
[INFO] [stdout] 28  |     runtime::{Block, Hash, Index, Header, Extrinsic, Transfer}, AccountKeyring::*,
[INFO] [stdout]     |               ^^^^^  ^^^^  ^^^^^  ^^^^^^  ^^^^^^^^^  ^^^^^^^^
[INFO] [stdout] 
[INFO] [stdout] 
[INFO] [stdout] error[E0432]: unresolved import `tetcore_test_runtime_client`
[INFO] [stdout]   --> src/testing/pool.rs:27:5
[INFO] [stdout]    |
[INFO] [stdout] 27 | use tetcore_test_runtime_client::{
[INFO] [stdout]    |     ^^^^^^^^^^^^^^^^^^^^^^^^^^^ use of undeclared crate or module `tetcore_test_runtime_client`
[INFO] [stdout] 
[INFO] [stdout] 
[INFO] [stdout] error[E0432]: unresolved import `tetcore_test_runtime_transaction_pool`
[INFO] [stdout]   --> src/testing/pool.rs:31:5
[INFO] [stdout]    |
[INFO] [stdout] 31 | use tetcore_test_runtime_transaction_pool::{TestApi, uxt};
[INFO] [stdout]    |     ^^^^^^^^^^^^^^^^^^^^^^^^^^^^^^^^^^^^^ use of undeclared crate or module `tetcore_test_runtime_transaction_pool`
[INFO] [stdout] 
[INFO] [stdout] 
[INFO] [stdout] error[E0433]: failed to resolve: use of undeclared crate or module `tetcore_test_runtime_client`
[INFO] [stdout]    --> src/testing/pool.rs:935:24
[INFO] [stdout]     |
[INFO] [stdout] 935 |     let client = Arc::new(tetcore_test_runtime_client::new());
[INFO] [stdout]     |                           ^^^^^^^^^^^^^^^^^^^^^^^^^^^ use of undeclared crate or module `tetcore_test_runtime_client`
[INFO] [stdout] 
[INFO] [stdout] 
[INFO] [stdout] error[E0433]: failed to resolve: use of undeclared crate or module `tetcore_test_runtime_client`
[INFO] [stdout]    --> src/testing/pool.rs:971:28
[INFO] [stdout]     |
[INFO] [stdout] 971 |     let mut client = Arc::new(tetcore_test_runtime_client::new());
[INFO] [stdout]     |                               ^^^^^^^^^^^^^^^^^^^^^^^^^^^ use of undeclared crate or module `tetcore_test_runtime_client`
[INFO] [stdout] 
[INFO] [stdout] 
[INFO] [stdout] error[E0425]: cannot find value `Alice` in this scope
[INFO] [stdout]    --> src/revalidation.rs:383:17
[INFO] [stdout]     |
[INFO] [stdout] 383 |         let uxt = uxt(Alice, 0);
[INFO] [stdout]     |                       ^^^^^ not found in this scope
[INFO] [stdout]     |
[INFO] [stdout] help: consider importing one of these items
[INFO] [stdout]     |
[INFO] [stdout] 364 |     use tp_keyring::AccountKeyring::Alice;
[INFO] [stdout]     |
[INFO] [stdout] 364 |     use tp_keyring::Ed25519Keyring::Alice;
[INFO] [stdout]     |
[INFO] [stdout] 
[INFO] [stdout] 
[INFO] [stdout] error[E0412]: cannot find type `Block` in this scope
[INFO] [stdout]    --> src/testing/pool.rs:44:21
[INFO] [stdout]     |
[INFO] [stdout] 44  |     BasicPool<TestApi, Block>,
[INFO] [stdout]     |                        ^^^^^
[INFO] [stdout]     | 
[INFO] [stdout]    ::: /opt/rustwide/cargo-home/registry/src/github.com-1ecc6299db9ec823/tp-runtime-2.0.2/src/traits.rs:603:1
[INFO] [stdout]     |
[INFO] [stdout] 603 | pub trait Block: Clone + Send + Sync + Codec + Eq + MaybeSerialize + Debug + MaybeMallocSizeOf + 'static {
[INFO] [stdout]     | -------------------------------------------------------------------------------------------------------- similarly named trait `BlockT` defined here
[INFO] [stdout]     |
[INFO] [stdout] help: a trait with a similar name exists
[INFO] [stdout]     |
[INFO] [stdout] 44  |     BasicPool<TestApi, BlockT>,
[INFO] [stdout]     |                        ^^^^^^
[INFO] [stdout] help: consider importing one of these items
[INFO] [stdout]     |
[INFO] [stdout] 19  | use tp_runtime::generic::Block;
[INFO] [stdout]     |
[INFO] [stdout] 19  | use tp_runtime::testing::Block;
[INFO] [stdout]     |
[INFO] [stdout] 19  | use tp_runtime::traits::Block;
[INFO] [stdout]     |
[INFO] [stdout] 
[INFO] [stdout] 
[INFO] [stdout] error[E0425]: cannot find value `Alice` in this scope
[INFO] [stdout]   --> src/testing/pool.rs:62:60
[INFO] [stdout]    |
[INFO] [stdout] 62 |     block_on(pool.submit_one(&BlockId::number(0), SOURCE, uxt(Alice, 209))).unwrap();
[INFO] [stdout]    |                                                               ^^^^^ not found in this scope
[INFO] [stdout]    |
[INFO] [stdout] help: consider importing one of these items
[INFO] [stdout]    |
[INFO] [stdout] 19 | use tp_keyring::AccountKeyring::Alice;
[INFO] [stdout]    |
[INFO] [stdout] 19 | use tp_keyring::Ed25519Keyring::Alice;
[INFO] [stdout]    |
[INFO] [stdout] 
[INFO] [stdout] 
[INFO] [stdout] error[E0425]: cannot find value `Alice` in this scope
[INFO] [stdout]   --> src/testing/pool.rs:71:60
[INFO] [stdout]    |
[INFO] [stdout] 71 |     block_on(pool.submit_one(&BlockId::number(0), SOURCE, uxt(Alice, 209))).unwrap();
[INFO] [stdout]    |                                                               ^^^^^ not found in this scope
[INFO] [stdout]    |
[INFO] [stdout] help: consider importing one of these items
[INFO] [stdout]    |
[INFO] [stdout] 19 | use tp_keyring::AccountKeyring::Alice;
[INFO] [stdout]    |
[INFO] [stdout] 19 | use tp_keyring::Ed25519Keyring::Alice;
[INFO] [stdout]    |
[INFO] [stdout] 
[INFO] [stdout] 
[INFO] [stdout] error[E0425]: cannot find value `Alice` in this scope
[INFO] [stdout]   --> src/testing/pool.rs:72:60
[INFO] [stdout]    |
[INFO] [stdout] 72 |     block_on(pool.submit_one(&BlockId::number(0), SOURCE, uxt(Alice, 210))).unwrap();
[INFO] [stdout]    |                                                               ^^^^^ not found in this scope
[INFO] [stdout]    |
[INFO] [stdout] help: consider importing one of these items
[INFO] [stdout]    |
[INFO] [stdout] 19 | use tp_keyring::AccountKeyring::Alice;
[INFO] [stdout]    |
[INFO] [stdout] 19 | use tp_keyring::Ed25519Keyring::Alice;
[INFO] [stdout]    |
[INFO] [stdout] 
[INFO] [stdout] 
[INFO] [stdout] error[E0425]: cannot find value `Alice` in this scope
[INFO] [stdout]   --> src/testing/pool.rs:81:60
[INFO] [stdout]    |
[INFO] [stdout] 81 |     block_on(pool.submit_one(&BlockId::number(0), SOURCE, uxt(Alice, 208))).unwrap();
[INFO] [stdout]    |                                                               ^^^^^ not found in this scope
[INFO] [stdout]    |
[INFO] [stdout] help: consider importing one of these items
[INFO] [stdout]    |
[INFO] [stdout] 19 | use tp_keyring::AccountKeyring::Alice;
[INFO] [stdout]    |
[INFO] [stdout] 19 | use tp_keyring::Ed25519Keyring::Alice;
[INFO] [stdout]    |
[INFO] [stdout] 
[INFO] [stdout] 
[INFO] [stdout] error[E0412]: cannot find type `Index` in this scope
[INFO] [stdout]   --> src/testing/pool.rs:84:28
[INFO] [stdout]    |
[INFO] [stdout] 84 |     assert_eq!(pending, Vec::<Index>::new());
[INFO] [stdout]    |                               ^^^^^ not found in this scope
[INFO] [stdout]    |
[INFO] [stdout] help: consider importing one of these items
[INFO] [stdout]    |
[INFO] [stdout] 19 | use core::ops::Index;
[INFO] [stdout]    |
[INFO] [stdout] 19 | use std::ops::Index;
[INFO] [stdout]    |
[INFO] [stdout] 
[INFO] [stdout] 
[INFO] [stdout] error[E0425]: cannot find value `Alice` in this scope
[INFO] [stdout]   --> src/testing/pool.rs:91:60
[INFO] [stdout]    |
[INFO] [stdout] 91 |     block_on(pool.submit_one(&BlockId::number(0), SOURCE, uxt(Alice, 210))).unwrap();
[INFO] [stdout]    |                                                               ^^^^^ not found in this scope
[INFO] [stdout]    |
[INFO] [stdout] help: consider importing one of these items
[INFO] [stdout]    |
[INFO] [stdout] 19 | use tp_keyring::AccountKeyring::Alice;
[INFO] [stdout]    |
[INFO] [stdout] 19 | use tp_keyring::Ed25519Keyring::Alice;
[INFO] [stdout]    |
[INFO] [stdout] 
[INFO] [stdout] 
[INFO] [stdout] error[E0412]: cannot find type `Index` in this scope
[INFO] [stdout]   --> src/testing/pool.rs:93:28
[INFO] [stdout]    |
[INFO] [stdout] 93 |     assert_eq!(pending, Vec::<Index>::new());
[INFO] [stdout]    |                               ^^^^^ not found in this scope
[INFO] [stdout]    |
[INFO] [stdout] help: consider importing one of these items
[INFO] [stdout]    |
[INFO] [stdout] 19 | use core::ops::Index;
[INFO] [stdout]    |
[INFO] [stdout] 19 | use std::ops::Index;
[INFO] [stdout]    |
[INFO] [stdout] 
[INFO] [stdout] 
[INFO] [stdout] error[E0425]: cannot find value `Alice` in this scope
[INFO] [stdout]   --> src/testing/pool.rs:95:60
[INFO] [stdout]    |
[INFO] [stdout] 95 |     block_on(pool.submit_one(&BlockId::number(0), SOURCE, uxt(Alice, 209))).unwrap();
[INFO] [stdout]    |                                                               ^^^^^ not found in this scope
[INFO] [stdout]    |
[INFO] [stdout] help: consider importing one of these items
[INFO] [stdout]    |
[INFO] [stdout] 19 | use tp_keyring::AccountKeyring::Alice;
[INFO] [stdout]    |
[INFO] [stdout] 19 | use tp_keyring::Ed25519Keyring::Alice;
[INFO] [stdout]    |
[INFO] [stdout] 
[INFO] [stdout] 
[INFO] [stdout] error[E0425]: cannot find value `Alice` in this scope
[INFO] [stdout]    --> src/testing/pool.rs:103:74
[INFO] [stdout]     |
[INFO] [stdout] 103 |     let hash209 = block_on(pool.submit_one(&BlockId::number(0), SOURCE, uxt(Alice, 209))).unwrap();
[INFO] [stdout]     |                                                                             ^^^^^ not found in this scope
[INFO] [stdout]     |
[INFO] [stdout] help: consider importing one of these items
[INFO] [stdout]     |
[INFO] [stdout] 19  | use tp_keyring::AccountKeyring::Alice;
[INFO] [stdout]     |
[INFO] [stdout] 19  | use tp_keyring::Ed25519Keyring::Alice;
[INFO] [stdout]     |
[INFO] [stdout] 
[INFO] [stdout] 
[INFO] [stdout] error[E0425]: cannot find value `Alice` in this scope
[INFO] [stdout]    --> src/testing/pool.rs:104:60
[INFO] [stdout]     |
[INFO] [stdout] 104 |     block_on(pool.submit_one(&BlockId::number(0), SOURCE, uxt(Alice, 210))).unwrap();
[INFO] [stdout]     |                                                               ^^^^^ not found in this scope
[INFO] [stdout]     |
[INFO] [stdout] help: consider importing one of these items
[INFO] [stdout]     |
[INFO] [stdout] 19  | use tp_keyring::AccountKeyring::Alice;
[INFO] [stdout]     |
[INFO] [stdout] 19  | use tp_keyring::Ed25519Keyring::Alice;
[INFO] [stdout]     |
[INFO] [stdout] 
[INFO] [stdout] 
[INFO] [stdout] error[E0425]: cannot find value `Alice` in this scope
[INFO] [stdout]    --> src/testing/pool.rs:125:16
[INFO] [stdout]     |
[INFO] [stdout] 125 |     let uxt = uxt(Alice, 209);
[INFO] [stdout]     |                   ^^^^^ not found in this scope
[INFO] [stdout]     |
[INFO] [stdout] help: consider importing one of these items
[INFO] [stdout]     |
[INFO] [stdout] 19  | use tp_keyring::AccountKeyring::Alice;
[INFO] [stdout]     |
[INFO] [stdout] 19  | use tp_keyring::Ed25519Keyring::Alice;
[INFO] [stdout]     |
[INFO] [stdout] 
[INFO] [stdout] 
[INFO] [stdout] error[E0412]: cannot find type `Index` in this scope
[INFO] [stdout]    --> src/testing/pool.rs:132:28
[INFO] [stdout]     |
[INFO] [stdout] 132 |     assert_eq!(pending, Vec::<Index>::new());
[INFO] [stdout]     |                               ^^^^^ not found in this scope
[INFO] [stdout]     |
[INFO] [stdout] help: consider importing one of these items
[INFO] [stdout]     |
[INFO] [stdout] 19  | use core::ops::Index;
[INFO] [stdout]     |
[INFO] [stdout] 19  | use std::ops::Index;
[INFO] [stdout]     |
[INFO] [stdout] 
[INFO] [stdout] 
[INFO] [stdout] error[E0425]: cannot find value `Alice` in this scope
[INFO] [stdout]    --> src/testing/pool.rs:141:16
[INFO] [stdout]     |
[INFO] [stdout] 141 |     let uxt = uxt(Alice, 209);
[INFO] [stdout]     |                   ^^^^^ not found in this scope
[INFO] [stdout]     |
[INFO] [stdout] help: consider importing one of these items
[INFO] [stdout]     |
[INFO] [stdout] 19  | use tp_keyring::AccountKeyring::Alice;
[INFO] [stdout]     |
[INFO] [stdout] 19  | use tp_keyring::Ed25519Keyring::Alice;
[INFO] [stdout]     |
[INFO] [stdout] 
[INFO] [stdout] 
[INFO] [stdout] error[E0425]: cannot find value `Alice` in this scope
[INFO] [stdout]    --> src/testing/pool.rs:165:15
[INFO] [stdout]     |
[INFO] [stdout] 165 |     let xt = uxt(Alice, 209);
[INFO] [stdout]     |                  ^^^^^ not found in this scope
[INFO] [stdout]     |
[INFO] [stdout] help: consider importing one of these items
[INFO] [stdout]     |
[INFO] [stdout] 19  | use tp_keyring::AccountKeyring::Alice;
[INFO] [stdout]     |
[INFO] [stdout] 19  | use tp_keyring::Ed25519Keyring::Alice;
[INFO] [stdout]     |
[INFO] [stdout] 
[INFO] [stdout] 
[INFO] [stdout] error[E0425]: cannot find value `Alice` in this scope
[INFO] [stdout]    --> src/testing/pool.rs:170:22
[INFO] [stdout]     |
[INFO] [stdout] 170 |     api.increment_nonce(Alice.into());
[INFO] [stdout]     |                         ^^^^^ not found in this scope
[INFO] [stdout]     |
[INFO] [stdout] help: consider importing one of these items
[INFO] [stdout]     |
[INFO] [stdout] 19  | use tp_keyring::AccountKeyring::Alice;
[INFO] [stdout]     |
[INFO] [stdout] 19  | use tp_keyring::Ed25519Keyring::Alice;
[INFO] [stdout]     |
[INFO] [stdout] 
[INFO] [stdout] 
[INFO] [stdout] error[E0425]: cannot find value `Alice` in this scope
[INFO] [stdout]    --> src/testing/pool.rs:178:22
[INFO] [stdout]     |
[INFO] [stdout] 178 |     api.increment_nonce(Alice.into());
[INFO] [stdout]     |                         ^^^^^ not found in this scope
[INFO] [stdout]     |
[INFO] [stdout] help: consider importing one of these items
[INFO] [stdout]     |
[INFO] [stdout] 19  | use tp_keyring::AccountKeyring::Alice;
[INFO] [stdout]     |
[INFO] [stdout] 19  | use tp_keyring::Ed25519Keyring::Alice;
[INFO] [stdout]     |
[INFO] [stdout] 
[INFO] [stdout] 
[INFO] [stdout] error[E0425]: cannot find value `Alice` in this scope
[INFO] [stdout]    --> src/testing/pool.rs:180:15
[INFO] [stdout]     |
[INFO] [stdout] 180 |     let xt = uxt(Alice, 211);
[INFO] [stdout]     |                  ^^^^^ not found in this scope
[INFO] [stdout]     |
[INFO] [stdout] help: consider importing one of these items
[INFO] [stdout]     |
[INFO] [stdout] 19  | use tp_keyring::AccountKeyring::Alice;
[INFO] [stdout]     |
[INFO] [stdout] 19  | use tp_keyring::Ed25519Keyring::Alice;
[INFO] [stdout]     |
[INFO] [stdout] 
[INFO] [stdout] 
[INFO] [stdout] error[E0425]: cannot find value `Alice` in this scope
[INFO] [stdout]    --> src/testing/pool.rs:188:22
[INFO] [stdout]     |
[INFO] [stdout] 188 |     api.increment_nonce(Alice.into());
[INFO] [stdout]     |                         ^^^^^ not found in this scope
[INFO] [stdout]     |
[INFO] [stdout] help: consider importing one of these items
[INFO] [stdout]     |
[INFO] [stdout] 19  | use tp_keyring::AccountKeyring::Alice;
[INFO] [stdout]     |
[INFO] [stdout] 19  | use tp_keyring::Ed25519Keyring::Alice;
[INFO] [stdout]     |
[INFO] [stdout] 
[INFO] [stdout] 
[INFO] [stdout] error[E0412]: cannot find type `Header` in this scope
[INFO] [stdout]    --> src/testing/pool.rs:195:24
[INFO] [stdout]     |
[INFO] [stdout] 195 | fn block_event(header: Header) -> ChainEvent<Block> {
[INFO] [stdout]     |                        ^^^^^^ not found in this scope
[INFO] [stdout]     |
[INFO] [stdout] help: consider importing one of these items
[INFO] [stdout]     |
[INFO] [stdout] 19  | use tp_runtime::generic::Header;
[INFO] [stdout]     |
[INFO] [stdout] 19  | use tp_runtime::testing::Header;
[INFO] [stdout]     |
[INFO] [stdout] 19  | use tp_runtime::traits::Header;
[INFO] [stdout]     |
[INFO] [stdout] 
[INFO] [stdout] 
[INFO] [stdout] error[E0412]: cannot find type `Block` in this scope
[INFO] [stdout]    --> src/testing/pool.rs:195:46
[INFO] [stdout]     |
[INFO] [stdout] 195 | fn block_event(header: Header) -> ChainEvent<Block> {
[INFO] [stdout]     |                                              ^^^^^
[INFO] [stdout]     | 
[INFO] [stdout]    ::: /opt/rustwide/cargo-home/registry/src/github.com-1ecc6299db9ec823/tp-runtime-2.0.2/src/traits.rs:603:1
[INFO] [stdout]     |
[INFO] [stdout] 603 | pub trait Block: Clone + Send + Sync + Codec + Eq + MaybeSerialize + Debug + MaybeMallocSizeOf + 'static {
[INFO] [stdout]     | -------------------------------------------------------------------------------------------------------- similarly named trait `BlockT` defined here
[INFO] [stdout]     |
[INFO] [stdout] help: a trait with a similar name exists
[INFO] [stdout]     |
[INFO] [stdout] 195 | fn block_event(header: Header) -> ChainEvent<BlockT> {
[INFO] [stdout]     |                                              ^^^^^^
[INFO] [stdout] help: consider importing one of these items
[INFO] [stdout]     |
[INFO] [stdout] 19  | use tp_runtime::generic::Block;
[INFO] [stdout]     |
[INFO] [stdout] 19  | use tp_runtime::testing::Block;
[INFO] [stdout]     |
[INFO] [stdout] 19  | use tp_runtime::traits::Block;
[INFO] [stdout]     |
[INFO] [stdout] 
[INFO] [stdout] 
[INFO] [stdout] error[E0412]: cannot find type `Header` in this scope
[INFO] [stdout]    --> src/testing/pool.rs:203:10
[INFO] [stdout]     |
[INFO] [stdout] 203 |     header: Header,
[INFO] [stdout]     |             ^^^^^^ not found in this scope
[INFO] [stdout]     |
[INFO] [stdout] help: consider importing one of these items
[INFO] [stdout]     |
[INFO] [stdout] 19  | use tp_runtime::generic::Header;
[INFO] [stdout]     |
[INFO] [stdout] 19  | use tp_runtime::testing::Header;
[INFO] [stdout]     |
[INFO] [stdout] 19  | use tp_runtime::traits::Header;
[INFO] [stdout]     |
[INFO] [stdout] 
[INFO] [stdout] 
[INFO] [stdout] error[E0412]: cannot find type `Hash` in this scope
[INFO] [stdout]    --> src/testing/pool.rs:204:19
[INFO] [stdout]     |
[INFO] [stdout] 204 |     retracted_start: Hash,
[INFO] [stdout]     |                      ^^^^ not found in this scope
[INFO] [stdout]     |
[INFO] [stdout] help: consider importing one of these items
[INFO] [stdout]     |
[INFO] [stdout] 19  | use core::hash::Hash;
[INFO] [stdout]     |
[INFO] [stdout] 19  | use std::hash::Hash;
[INFO] [stdout]     |
[INFO] [stdout] 19  | use tp_runtime::traits::Hash;
[INFO] [stdout]     |
[INFO] [stdout] 
[INFO] [stdout] 
[INFO] [stdout] error[E0412]: cannot find type `Block` in this scope
[INFO] [stdout]    --> src/testing/pool.rs:206:17
[INFO] [stdout]     |
[INFO] [stdout] 206 | ) -> ChainEvent<Block> {
[INFO] [stdout]     |                 ^^^^^
[INFO] [stdout]     | 
[INFO] [stdout]    ::: /opt/rustwide/cargo-home/registry/src/github.com-1ecc6299db9ec823/tp-runtime-2.0.2/src/traits.rs:603:1
[INFO] [stdout]     |
[INFO] [stdout] 603 | pub trait Block: Clone + Send + Sync + Codec + Eq + MaybeSerialize + Debug + MaybeMallocSizeOf + 'static {
[INFO] [stdout]     | -------------------------------------------------------------------------------------------------------- similarly named trait `BlockT` defined here
[INFO] [stdout]     |
[INFO] [stdout] help: a trait with a similar name exists
[INFO] [stdout]     |
[INFO] [stdout] 206 | ) -> ChainEvent<BlockT> {
[INFO] [stdout]     |                 ^^^^^^
[INFO] [stdout] help: consider importing one of these items
[INFO] [stdout]     |
[INFO] [stdout] 19  | use tp_runtime::generic::Block;
[INFO] [stdout]     |
[INFO] [stdout] 19  | use tp_runtime::testing::Block;
[INFO] [stdout]     |
[INFO] [stdout] 19  | use tp_runtime::traits::Block;
[INFO] [stdout]     |
[INFO] [stdout] 
[INFO] [stdout] 
[INFO] [stdout] error[E0425]: cannot find value `Alice` in this scope
[INFO] [stdout]    --> src/testing/pool.rs:217:15
[INFO] [stdout]     |
[INFO] [stdout] 217 |     let xt = uxt(Alice, 209);
[INFO] [stdout]     |                  ^^^^^ not found in this scope
[INFO] [stdout]     |
[INFO] [stdout] help: consider importing one of these items
[INFO] [stdout]     |
[INFO] [stdout] 19  | use tp_keyring::AccountKeyring::Alice;
[INFO] [stdout]     |
[INFO] [stdout] 19  | use tp_keyring::Ed25519Keyring::Alice;
[INFO] [stdout]     |
[INFO] [stdout] 
[INFO] [stdout] 
[INFO] [stdout] error[E0425]: cannot find value `Alice` in this scope
[INFO] [stdout]    --> src/testing/pool.rs:232:16
[INFO] [stdout]     |
[INFO] [stdout] 232 |     let xt1 = uxt(Alice, 209);
[INFO] [stdout]     |                   ^^^^^ not found in this scope
[INFO] [stdout]     |
[INFO] [stdout] help: consider importing one of these items
[INFO] [stdout]     |
[INFO] [stdout] 19  | use tp_keyring::AccountKeyring::Alice;
[INFO] [stdout]     |
[INFO] [stdout] 19  | use tp_keyring::Ed25519Keyring::Alice;
[INFO] [stdout]     |
[INFO] [stdout] 
[INFO] [stdout] 
[INFO] [stdout] error[E0425]: cannot find value `Alice` in this scope
[INFO] [stdout]    --> src/testing/pool.rs:233:16
[INFO] [stdout]     |
[INFO] [stdout] 233 |     let xt2 = uxt(Alice, 210);
[INFO] [stdout]     |                   ^^^^^ not found in this scope
[INFO] [stdout]     |
[INFO] [stdout] help: consider importing one of these items
[INFO] [stdout]     |
[INFO] [stdout] 19  | use tp_keyring::AccountKeyring::Alice;
[INFO] [stdout]     |
[INFO] [stdout] 19  | use tp_keyring::Ed25519Keyring::Alice;
[INFO] [stdout]     |
[INFO] [stdout] 
[INFO] [stdout] 
[INFO] [stdout] error[E0425]: cannot find value `Alice` in this scope
[INFO] [stdout]    --> src/testing/pool.rs:253:15
[INFO] [stdout]     |
[INFO] [stdout] 253 |     let xt = uxt(Alice, 209);
[INFO] [stdout]     |                  ^^^^^ not found in this scope
[INFO] [stdout]     |
[INFO] [stdout] help: consider importing one of these items
[INFO] [stdout]     |
[INFO] [stdout] 19  | use tp_keyring::AccountKeyring::Alice;
[INFO] [stdout]     |
[INFO] [stdout] 19  | use tp_keyring::Ed25519Keyring::Alice;
[INFO] [stdout]     |
[INFO] [stdout] 
[INFO] [stdout] 
[INFO] [stdout] error[E0425]: cannot find value `Alice` in this scope
[INFO] [stdout]    --> src/testing/pool.rs:272:15
[INFO] [stdout]     |
[INFO] [stdout] 272 |     let xt = uxt(Alice, 209);
[INFO] [stdout]     |                  ^^^^^ not found in this scope
[INFO] [stdout]     |
[INFO] [stdout] help: consider importing one of these items
[INFO] [stdout]     |
[INFO] [stdout] 19  | use tp_keyring::AccountKeyring::Alice;
[INFO] [stdout]     |
[INFO] [stdout] 19  | use tp_keyring::Ed25519Keyring::Alice;
[INFO] [stdout]     |
[INFO] [stdout] 
[INFO] [stdout] 
[INFO] [stdout] error[E0425]: cannot find value `Alice` in this scope
[INFO] [stdout]    --> src/testing/pool.rs:290:15
[INFO] [stdout]     |
[INFO] [stdout] 290 |     let xt = uxt(Alice, 209);
[INFO] [stdout]     |                  ^^^^^ not found in this scope
[INFO] [stdout]     |
[INFO] [stdout] help: consider importing one of these items
[INFO] [stdout]     |
[INFO] [stdout] 19  | use tp_keyring::AccountKeyring::Alice;
[INFO] [stdout]     |
[INFO] [stdout] 19  | use tp_keyring::Ed25519Keyring::Alice;
[INFO] [stdout]     |
[INFO] [stdout] 
[INFO] [stdout] 
[INFO] [stdout] error[E0425]: cannot find value `Alice` in this scope
[INFO] [stdout]    --> src/testing/pool.rs:311:15
[INFO] [stdout]     |
[INFO] [stdout] 311 |     let xt = uxt(Alice, 209);
[INFO] [stdout]     |                  ^^^^^ not found in this scope
[INFO] [stdout]     |
[INFO] [stdout] help: consider importing one of these items
[INFO] [stdout]     |
[INFO] [stdout] 19  | use tp_keyring::AccountKeyring::Alice;
[INFO] [stdout]     |
[INFO] [stdout] 19  | use tp_keyring::Ed25519Keyring::Alice;
[INFO] [stdout]     |
[INFO] [stdout] 
[INFO] [stdout] 
[INFO] [stdout] error[E0425]: cannot find value `Alice` in this scope
[INFO] [stdout]    --> src/testing/pool.rs:336:16
[INFO] [stdout]     |
[INFO] [stdout] 336 |     let xt1 = uxt(Alice, 209);
[INFO] [stdout]     |                   ^^^^^ not found in this scope
[INFO] [stdout]     |
[INFO] [stdout] help: consider importing one of these items
[INFO] [stdout]     |
[INFO] [stdout] 19  | use tp_keyring::AccountKeyring::Alice;
[INFO] [stdout]     |
[INFO] [stdout] 19  | use tp_keyring::Ed25519Keyring::Alice;
[INFO] [stdout]     |
[INFO] [stdout] 
[INFO] [stdout] 
[INFO] [stdout] error[E0425]: cannot find value `Alice` in this scope
[INFO] [stdout]    --> src/testing/pool.rs:337:16
[INFO] [stdout]     |
[INFO] [stdout] 337 |     let xt2 = uxt(Alice, 210);
[INFO] [stdout]     |                   ^^^^^ not found in this scope
[INFO] [stdout]     |
[INFO] [stdout] help: consider importing one of these items
[INFO] [stdout]     |
[INFO] [stdout] 19  | use tp_keyring::AccountKeyring::Alice;
[INFO] [stdout]     |
[INFO] [stdout] 19  | use tp_keyring::Ed25519Keyring::Alice;
[INFO] [stdout]     |
[INFO] [stdout] 
[INFO] [stdout] 
[INFO] [stdout] error[E0425]: cannot find value `Alice` in this scope
[INFO] [stdout]    --> src/testing/pool.rs:338:16
[INFO] [stdout]     |
[INFO] [stdout] 338 |     let xt3 = uxt(Alice, 211);
[INFO] [stdout]     |                   ^^^^^ not found in this scope
[INFO] [stdout]     |
[INFO] [stdout] help: consider importing one of these items
[INFO] [stdout]     |
[INFO] [stdout] 19  | use tp_keyring::AccountKeyring::Alice;
[INFO] [stdout]     |
[INFO] [stdout] 19  | use tp_keyring::Ed25519Keyring::Alice;
[INFO] [stdout]     |
[INFO] [stdout] 
[INFO] [stdout] 
[INFO] [stdout] error[E0425]: cannot find value `Alice` in this scope
[INFO] [stdout]    --> src/testing/pool.rs:366:7
[INFO] [stdout]     |
[INFO] [stdout] 366 |         uxt(Alice, 209 + nonce)
[INFO] [stdout]     |             ^^^^^ not found in this scope
[INFO] [stdout]     |
[INFO] [stdout] help: consider importing one of these items
[INFO] [stdout]     |
[INFO] [stdout] 19  | use tp_keyring::AccountKeyring::Alice;
[INFO] [stdout]     |
[INFO] [stdout] 19  | use tp_keyring::Ed25519Keyring::Alice;
[INFO] [stdout]     |
[INFO] [stdout] 
[INFO] [stdout] 
[INFO] [stdout] error[E0425]: cannot find value `Alice` in this scope
[INFO] [stdout]    --> src/testing/pool.rs:454:60
[INFO] [stdout]     |
[INFO] [stdout] 454 |     block_on(pool.submit_one(&BlockId::number(0), SOURCE, uxt(Alice, 209))).expect("1. Imported");
[INFO] [stdout]     |                                                               ^^^^^ not found in this scope
[INFO] [stdout]     |
[INFO] [stdout] help: consider importing one of these items
[INFO] [stdout]     |
[INFO] [stdout] 19  | use tp_keyring::AccountKeyring::Alice;
[INFO] [stdout]     |
[INFO] [stdout] 19  | use tp_keyring::Ed25519Keyring::Alice;
[INFO] [stdout]     |
[INFO] [stdout] 
[INFO] [stdout] 
[INFO] [stdout] error[E0425]: cannot find value `Alice` in this scope
[INFO] [stdout]    --> src/testing/pool.rs:455:60
[INFO] [stdout]     |
[INFO] [stdout] 455 |     block_on(pool.submit_one(&BlockId::number(0), SOURCE, uxt(Alice, 210))).expect("1. Imported");
[INFO] [stdout]     |                                                               ^^^^^ not found in this scope
[INFO] [stdout]     |
[INFO] [stdout] help: consider importing one of these items
[INFO] [stdout]     |
[INFO] [stdout] 19  | use tp_keyring::AccountKeyring::Alice;
[INFO] [stdout]     |
[INFO] [stdout] 19  | use tp_keyring::Ed25519Keyring::Alice;
[INFO] [stdout]     |
[INFO] [stdout] 
[INFO] [stdout] 
[INFO] [stdout] error[E0425]: cannot find value `Alice` in this scope
[INFO] [stdout]    --> src/testing/pool.rs:456:60
[INFO] [stdout]     |
[INFO] [stdout] 456 |     block_on(pool.submit_one(&BlockId::number(0), SOURCE, uxt(Alice, 211))).expect("1. Imported");
[INFO] [stdout]     |                                                               ^^^^^ not found in this scope
[INFO] [stdout]     |
[INFO] [stdout] help: consider importing one of these items
[INFO] [stdout]     |
[INFO] [stdout] 19  | use tp_keyring::AccountKeyring::Alice;
[INFO] [stdout]     |
[INFO] [stdout] 19  | use tp_keyring::Ed25519Keyring::Alice;
[INFO] [stdout]     |
[INFO] [stdout] 
[INFO] [stdout] 
[INFO] [stdout] error[E0425]: cannot find value `Alice` in this scope
[INFO] [stdout]    --> src/testing/pool.rs:457:60
[INFO] [stdout]     |
[INFO] [stdout] 457 |     block_on(pool.submit_one(&BlockId::number(0), SOURCE, uxt(Alice, 212))).expect("1. Imported");
[INFO] [stdout]     |                                                               ^^^^^ not found in this scope
[INFO] [stdout]     |
[INFO] [stdout] help: consider importing one of these items
[INFO] [stdout]     |
[INFO] [stdout] 19  | use tp_keyring::AccountKeyring::Alice;
[INFO] [stdout]     |
[INFO] [stdout] 19  | use tp_keyring::Ed25519Keyring::Alice;
[INFO] [stdout]     |
[INFO] [stdout] 
[INFO] [stdout] 
[INFO] [stdout] error[E0425]: cannot find value `Alice` in this scope
[INFO] [stdout]    --> src/testing/pool.rs:464:15
[INFO] [stdout]     |
[INFO] [stdout] 464 |     let xt = uxt(Alice, 209);
[INFO] [stdout]     |                  ^^^^^ not found in this scope
[INFO] [stdout]     |
[INFO] [stdout] help: consider importing one of these items
[INFO] [stdout]     |
[INFO] [stdout] 19  | use tp_keyring::AccountKeyring::Alice;
[INFO] [stdout]     |
[INFO] [stdout] 19  | use tp_keyring::Ed25519Keyring::Alice;
[INFO] [stdout]     |
[INFO] [stdout] 
[INFO] [stdout] 
[INFO] [stdout] error[E0425]: cannot find value `Alice` in this scope
[INFO] [stdout]    --> src/testing/pool.rs:499:23
[INFO] [stdout]     |
[INFO] [stdout] 499 |     let from_alice = uxt(Alice, 1);
[INFO] [stdout]     |                          ^^^^^ not found in this scope
[INFO] [stdout]     |
[INFO] [stdout] help: consider importing one of these items
[INFO] [stdout]     |
[INFO] [stdout] 19  | use tp_keyring::AccountKeyring::Alice;
[INFO] [stdout]     |
[INFO] [stdout] 19  | use tp_keyring::Ed25519Keyring::Alice;
[INFO] [stdout]     |
[INFO] [stdout] 
[INFO] [stdout] 
[INFO] [stdout] error[E0425]: cannot find value `Dave` in this scope
[INFO] [stdout]    --> src/testing/pool.rs:500:22
[INFO] [stdout]     |
[INFO] [stdout] 500 |     let from_dave = uxt(Dave, 2);
[INFO] [stdout]     |                         ^^^^ not found in this scope
[INFO] [stdout]     |
[INFO] [stdout] help: consider importing one of these items
[INFO] [stdout]     |
[INFO] [stdout] 19  | use tp_keyring::AccountKeyring::Dave;
[INFO] [stdout]     |
[INFO] [stdout] 19  | use tp_keyring::Ed25519Keyring::Dave;
[INFO] [stdout]     |
[INFO] [stdout] 
[INFO] [stdout] 
[INFO] [stdout] error[E0425]: cannot find value `Bob` in this scope
[INFO] [stdout]    --> src/testing/pool.rs:501:21
[INFO] [stdout]     |
[INFO] [stdout] 501 |     let from_bob = uxt(Bob, 1);
[INFO] [stdout]     |                        ^^^ not found in this scope
[INFO] [stdout]     |
[INFO] [stdout] help: consider importing one of these items
[INFO] [stdout]     |
[INFO] [stdout] 19  | use tp_keyring::AccountKeyring::Bob;
[INFO] [stdout]     |
[INFO] [stdout] 19  | use tp_keyring::Ed25519Keyring::Bob;
[INFO] [stdout]     |
[INFO] [stdout] 
[INFO] [stdout] 
[INFO] [stdout] error[E0425]: cannot find value `Charlie` in this scope
[INFO] [stdout]    --> src/testing/pool.rs:502:25
[INFO] [stdout]     |
[INFO] [stdout] 502 |     let from_charlie = uxt(Charlie, 1);
[INFO] [stdout]     |                            ^^^^^^^ not found in this scope
[INFO] [stdout]     |
[INFO] [stdout] help: consider importing one of these items
[INFO] [stdout]     |
[INFO] [stdout] 19  | use tp_keyring::AccountKeyring::Charlie;
[INFO] [stdout]     |
[INFO] [stdout] 19  | use tp_keyring::Ed25519Keyring::Charlie;
[INFO] [stdout]     |
[INFO] [stdout] 
[INFO] [stdout] 
[INFO] [stdout] error[E0425]: cannot find value `Alice` in this scope
[INFO] [stdout]    --> src/testing/pool.rs:503:27
[INFO] [stdout]     |
[INFO] [stdout] 503 |     pool.api.increment_nonce(Alice.into());
[INFO] [stdout]     |                              ^^^^^ not found in this scope
[INFO] [stdout]     |
[INFO] [stdout] help: consider importing one of these items
[INFO] [stdout]     |
[INFO] [stdout] 19  | use tp_keyring::AccountKeyring::Alice;
[INFO] [stdout]     |
[INFO] [stdout] 19  | use tp_keyring::Ed25519Keyring::Alice;
[INFO] [stdout]     |
[INFO] [stdout] 
[INFO] [stdout] 
[INFO] [stdout] error[E0425]: cannot find value `Dave` in this scope
[INFO] [stdout]    --> src/testing/pool.rs:504:27
[INFO] [stdout]     |
[INFO] [stdout] 504 |     pool.api.increment_nonce(Dave.into());
[INFO] [stdout]     |                              ^^^^ not found in this scope
[INFO] [stdout]     |
[INFO] [stdout] help: consider importing one of these items
[INFO] [stdout]     |
[INFO] [stdout] 19  | use tp_keyring::AccountKeyring::Dave;
[INFO] [stdout]     |
[INFO] [stdout] 19  | use tp_keyring::Ed25519Keyring::Dave;
[INFO] [stdout]     |
[INFO] [stdout] 
[INFO] [stdout] 
[INFO] [stdout] error[E0425]: cannot find value `Charlie` in this scope
[INFO] [stdout]    --> src/testing/pool.rs:505:27
[INFO] [stdout]     |
[INFO] [stdout] 505 |     pool.api.increment_nonce(Charlie.into());
[INFO] [stdout]     |                              ^^^^^^^ not found in this scope
[INFO] [stdout]     |
[INFO] [stdout] help: consider importing one of these items
[INFO] [stdout]     |
[INFO] [stdout] 19  | use tp_keyring::AccountKeyring::Charlie;
[INFO] [stdout]     |
[INFO] [stdout] 19  | use tp_keyring::Ed25519Keyring::Charlie;
[INFO] [stdout]     |
[INFO] [stdout] 
[INFO] [stdout] 
[INFO] [stdout] error[E0425]: cannot find value `Bob` in this scope
[INFO] [stdout]    --> src/testing/pool.rs:506:27
[INFO] [stdout]     |
[INFO] [stdout] 506 |     pool.api.increment_nonce(Bob.into());
[INFO] [stdout]     |                              ^^^ not found in this scope
[INFO] [stdout]     |
[INFO] [stdout] help: consider importing one of these items
[INFO] [stdout]     |
[INFO] [stdout] 19  | use tp_keyring::AccountKeyring::Bob;
[INFO] [stdout]     |
[INFO] [stdout] 19  | use tp_keyring::Ed25519Keyring::Bob;
[INFO] [stdout]     |
[INFO] [stdout] 
[INFO] [stdout] 
[INFO] [stdout] error[E0425]: cannot find value `Eve` in this scope
[INFO] [stdout]    --> src/testing/pool.rs:587:16
[INFO] [stdout]     |
[INFO] [stdout] 587 |         let xt = uxt(Eve, 0);
[INFO] [stdout]     |                      ^^^ not found in this scope
[INFO] [stdout]     |
[INFO] [stdout] help: consider importing one of these items
[INFO] [stdout]     |
[INFO] [stdout] 19  | use tp_keyring::AccountKeyring::Eve;
[INFO] [stdout]     |
[INFO] [stdout] 19  | use tp_keyring::Ed25519Keyring::Eve;
[INFO] [stdout]     |
[INFO] [stdout] 
[INFO] [stdout] 
[INFO] [stdout] error[E0425]: cannot find value `Alice` in this scope
[INFO] [stdout]    --> src/testing/pool.rs:664:23
[INFO] [stdout]     |
[INFO] [stdout] 664 |     let from_alice = uxt(Alice, 1);
[INFO] [stdout]     |                          ^^^^^ not found in this scope
[INFO] [stdout]     |
[INFO] [stdout] help: consider importing one of these items
[INFO] [stdout]     |
[INFO] [stdout] 19  | use tp_keyring::AccountKeyring::Alice;
[INFO] [stdout]     |
[INFO] [stdout] 19  | use tp_keyring::Ed25519Keyring::Alice;
[INFO] [stdout]     |
[INFO] [stdout] 
[INFO] [stdout] 
[INFO] [stdout] error[E0425]: cannot find value `Alice` in this scope
[INFO] [stdout]    --> src/testing/pool.rs:665:27
[INFO] [stdout]     |
[INFO] [stdout] 665 |     pool.api.increment_nonce(Alice.into());
[INFO] [stdout]     |                              ^^^^^ not found in this scope
[INFO] [stdout]     |
[INFO] [stdout] help: consider importing one of these items
[INFO] [stdout]     |
[INFO] [stdout] 19  | use tp_keyring::AccountKeyring::Alice;
[INFO] [stdout]     |
[INFO] [stdout] 19  | use tp_keyring::Ed25519Keyring::Alice;
[INFO] [stdout]     |
[INFO] [stdout] 
[INFO] [stdout] 
[INFO] [stdout] error[E0425]: cannot find value `Alice` in this scope
[INFO] [stdout]    --> src/testing/pool.rs:735:16
[INFO] [stdout]     |
[INFO] [stdout] 735 |     let tx0 = uxt(Alice, 1);
[INFO] [stdout]     |                   ^^^^^ not found in this scope
[INFO] [stdout]     |
[INFO] [stdout] help: consider importing one of these items
[INFO] [stdout]     |
[INFO] [stdout] 19  | use tp_keyring::AccountKeyring::Alice;
[INFO] [stdout]     |
[INFO] [stdout] 19  | use tp_keyring::Ed25519Keyring::Alice;
[INFO] [stdout]     |
[INFO] [stdout] 
[INFO] [stdout] 
[INFO] [stdout] error[E0425]: cannot find value `Dave` in this scope
[INFO] [stdout]    --> src/testing/pool.rs:736:16
[INFO] [stdout]     |
[INFO] [stdout] 736 |     let tx1 = uxt(Dave, 2);
[INFO] [stdout]     |                   ^^^^ not found in this scope
[INFO] [stdout]     |
[INFO] [stdout] help: consider importing one of these items
[INFO] [stdout]     |
[INFO] [stdout] 19  | use tp_keyring::AccountKeyring::Dave;
[INFO] [stdout]     |
[INFO] [stdout] 19  | use tp_keyring::Ed25519Keyring::Dave;
[INFO] [stdout]     |
[INFO] [stdout] 
[INFO] [stdout] 
[INFO] [stdout] error[E0425]: cannot find value `Alice` in this scope
[INFO] [stdout]    --> src/testing/pool.rs:737:27
[INFO] [stdout]     |
[INFO] [stdout] 737 |     pool.api.increment_nonce(Alice.into());
[INFO] [stdout]     |                              ^^^^^ not found in this scope
[INFO] [stdout]     |
[INFO] [stdout] help: consider importing one of these items
[INFO] [stdout]     |
[INFO] [stdout] 19  | use tp_keyring::AccountKeyring::Alice;
[INFO] [stdout]     |
[INFO] [stdout] 19  | use tp_keyring::Ed25519Keyring::Alice;
[INFO] [stdout]     |
[INFO] [stdout] 
[INFO] [stdout] 
[INFO] [stdout] error[E0425]: cannot find value `Dave` in this scope
[INFO] [stdout]    --> src/testing/pool.rs:738:27
[INFO] [stdout]     |
[INFO] [stdout] 738 |     pool.api.increment_nonce(Dave.into());
[INFO] [stdout]     |                              ^^^^ not found in this scope
[INFO] [stdout]     |
[INFO] [stdout] help: consider importing one of these items
[INFO] [stdout]     |
[INFO] [stdout] 19  | use tp_keyring::AccountKeyring::Dave;
[INFO] [stdout]     |
[INFO] [stdout] 19  | use tp_keyring::Ed25519Keyring::Dave;
[INFO] [stdout]     |
[INFO] [stdout] 
[INFO] [stdout] 
[INFO] [stdout] error[E0425]: cannot find value `Alice` in this scope
[INFO] [stdout]    --> src/testing/pool.rs:785:16
[INFO] [stdout]     |
[INFO] [stdout] 785 |     let tx0 = uxt(Alice, 1);
[INFO] [stdout]     |                   ^^^^^ not found in this scope
[INFO] [stdout]     |
[INFO] [stdout] help: consider importing one of these items
[INFO] [stdout]     |
[INFO] [stdout] 19  | use tp_keyring::AccountKeyring::Alice;
[INFO] [stdout]     |
[INFO] [stdout] 19  | use tp_keyring::Ed25519Keyring::Alice;
[INFO] [stdout]     |
[INFO] [stdout] 
[INFO] [stdout] 
[INFO] [stdout] error[E0425]: cannot find value `Dave` in this scope
[INFO] [stdout]    --> src/testing/pool.rs:786:16
[INFO] [stdout]     |
[INFO] [stdout] 786 |     let tx1 = uxt(Dave, 2);
[INFO] [stdout]     |                   ^^^^ not found in this scope
[INFO] [stdout]     |
[INFO] [stdout] help: consider importing one of these items
[INFO] [stdout]     |
[INFO] [stdout] 19  | use tp_keyring::AccountKeyring::Dave;
[INFO] [stdout]     |
[INFO] [stdout] 19  | use tp_keyring::Ed25519Keyring::Dave;
[INFO] [stdout]     |
[INFO] [stdout] 
[INFO] [stdout] 
[INFO] [stdout] error[E0425]: cannot find value `Bob` in this scope
[INFO] [stdout]    --> src/testing/pool.rs:787:16
[INFO] [stdout]     |
[INFO] [stdout] 787 |     let tx2 = uxt(Bob, 3);
[INFO] [stdout]     |                   ^^^ not found in this scope
[INFO] [stdout]     |
[INFO] [stdout] help: consider importing one of these items
[INFO] [stdout]     |
[INFO] [stdout] 19  | use tp_keyring::AccountKeyring::Bob;
[INFO] [stdout]     |
[INFO] [stdout] 19  | use tp_keyring::Ed25519Keyring::Bob;
[INFO] [stdout]     |
[INFO] [stdout] 
[INFO] [stdout] 
[INFO] [stdout] error[E0425]: cannot find value `Eve` in this scope
[INFO] [stdout]    --> src/testing/pool.rs:790:16
[INFO] [stdout]     |
[INFO] [stdout] 790 |     let tx3 = uxt(Eve, 1);
[INFO] [stdout]     |                   ^^^ not found in this scope
[INFO] [stdout]     |
[INFO] [stdout] help: consider importing one of these items
[INFO] [stdout]     |
[INFO] [stdout] 19  | use tp_keyring::AccountKeyring::Eve;
[INFO] [stdout]     |
[INFO] [stdout] 19  | use tp_keyring::Ed25519Keyring::Eve;
[INFO] [stdout]     |
[INFO] [stdout] 
[INFO] [stdout] 
[INFO] [stdout] error[E0425]: cannot find value `Ferdie` in this scope
[INFO] [stdout]    --> src/testing/pool.rs:791:16
[INFO] [stdout]     |
[INFO] [stdout] 791 |     let tx4 = uxt(Ferdie, 2);
[INFO] [stdout]     |                   ^^^^^^ not found in this scope
[INFO] [stdout]     |
[INFO] [stdout] help: consider importing one of these items
[INFO] [stdout]     |
[INFO] [stdout] 19  | use tp_keyring::AccountKeyring::Ferdie;
[INFO] [stdout]     |
[INFO] [stdout] 19  | use tp_keyring::Ed25519Keyring::Ferdie;
[INFO] [stdout]     |
[INFO] [stdout] 
[INFO] [stdout] 
[INFO] [stdout] error[E0425]: cannot find value `One` in this scope
[INFO] [stdout]    --> src/testing/pool.rs:792:16
[INFO] [stdout]     |
[INFO] [stdout] 792 |     let tx5 = uxt(One, 3);
[INFO] [stdout]     |                   ^^^ not found in this scope
[INFO] [stdout]     |
[INFO] [stdout] help: consider importing one of these items
[INFO] [stdout]     |
[INFO] [stdout] 19  | use tp_keyring::AccountKeyring::One;
[INFO] [stdout]     |
[INFO] [stdout] 19  | use tp_keyring::Ed25519Keyring::One;
[INFO] [stdout]     |
[INFO] [stdout] 
[INFO] [stdout] 
[INFO] [stdout] error[E0425]: cannot find value `Alice` in this scope
[INFO] [stdout]    --> src/testing/pool.rs:794:27
[INFO] [stdout]     |
[INFO] [stdout] 794 |     pool.api.increment_nonce(Alice.into());
[INFO] [stdout]     |                              ^^^^^ not found in this scope
[INFO] [stdout]     |
[INFO] [stdout] help: consider importing one of these items
[INFO] [stdout]     |
[INFO] [stdout] 19  | use tp_keyring::AccountKeyring::Alice;
[INFO] [stdout]     |
[INFO] [stdout] 19  | use tp_keyring::Ed25519Keyring::Alice;
[INFO] [stdout]     |
[INFO] [stdout] 
[INFO] [stdout] 
[INFO] [stdout] error[E0425]: cannot find value `Dave` in this scope
[INFO] [stdout]    --> src/testing/pool.rs:795:27
[INFO] [stdout]     |
[INFO] [stdout] 795 |     pool.api.increment_nonce(Dave.into());
[INFO] [stdout]     |                              ^^^^ not found in this scope
[INFO] [stdout]     |
[INFO] [stdout] help: consider importing one of these items
[INFO] [stdout]     |
[INFO] [stdout] 19  | use tp_keyring::AccountKeyring::Dave;
[INFO] [stdout]     |
[INFO] [stdout] 19  | use tp_keyring::Ed25519Keyring::Dave;
[INFO] [stdout]     |
[INFO] [stdout] 
[INFO] [stdout] 
[INFO] [stdout] error[E0425]: cannot find value `Bob` in this scope
[INFO] [stdout]    --> src/testing/pool.rs:796:27
[INFO] [stdout]     |
[INFO] [stdout] 796 |     pool.api.increment_nonce(Bob.into());
[INFO] [stdout]     |                              ^^^ not found in this scope
[INFO] [stdout]     |
[INFO] [stdout] help: consider importing one of these items
[INFO] [stdout]     |
[INFO] [stdout] 19  | use tp_keyring::AccountKeyring::Bob;
[INFO] [stdout]     |
[INFO] [stdout] 19  | use tp_keyring::Ed25519Keyring::Bob;
[INFO] [stdout]     |
[INFO] [stdout] 
[INFO] [stdout] 
[INFO] [stdout] error[E0425]: cannot find value `Eve` in this scope
[INFO] [stdout]    --> src/testing/pool.rs:797:27
[INFO] [stdout]     |
[INFO] [stdout] 797 |     pool.api.increment_nonce(Eve.into());
[INFO] [stdout]     |                              ^^^ not found in this scope
[INFO] [stdout]     |
[INFO] [stdout] help: consider importing one of these items
[INFO] [stdout]     |
[INFO] [stdout] 19  | use tp_keyring::AccountKeyring::Eve;
[INFO] [stdout]     |
[INFO] [stdout] 19  | use tp_keyring::Ed25519Keyring::Eve;
[INFO] [stdout]     |
[INFO] [stdout] 
[INFO] [stdout] 
[INFO] [stdout] error[E0425]: cannot find value `Ferdie` in this scope
[INFO] [stdout]    --> src/testing/pool.rs:798:27
[INFO] [stdout]     |
[INFO] [stdout] 798 |     pool.api.increment_nonce(Ferdie.into());
[INFO] [stdout]     |                              ^^^^^^ not found in this scope
[INFO] [stdout]     |
[INFO] [stdout] help: consider importing one of these items
[INFO] [stdout]     |
[INFO] [stdout] 19  | use tp_keyring::AccountKeyring::Ferdie;
[INFO] [stdout]     |
[INFO] [stdout] 19  | use tp_keyring::Ed25519Keyring::Ferdie;
[INFO] [stdout]     |
[INFO] [stdout] 
[INFO] [stdout] 
[INFO] [stdout] error[E0425]: cannot find value `One` in this scope
[INFO] [stdout]    --> src/testing/pool.rs:799:27
[INFO] [stdout]     |
[INFO] [stdout] 799 |     pool.api.increment_nonce(One.into());
[INFO] [stdout]     |                              ^^^ not found in this scope
[INFO] [stdout]     |
[INFO] [stdout] help: consider importing one of these items
[INFO] [stdout]     |
[INFO] [stdout] 19  | use tp_keyring::AccountKeyring::One;
[INFO] [stdout]     |
[INFO] [stdout] 19  | use tp_keyring::Ed25519Keyring::One;
[INFO] [stdout]     |
[INFO] [stdout] 
[INFO] [stdout] 
[INFO] [stdout] error[E0425]: cannot find value `Alice` in this scope
[INFO] [stdout]    --> src/testing/pool.rs:882:16
[INFO] [stdout]     |
[INFO] [stdout] 882 |     let xt1 = uxt(Alice, 209);
[INFO] [stdout]     |                   ^^^^^ not found in this scope
[INFO] [stdout]     |
[INFO] [stdout] help: consider importing one of these items
[INFO] [stdout]     |
[INFO] [stdout] 19  | use tp_keyring::AccountKeyring::Alice;
[INFO] [stdout]     |
[INFO] [stdout] 19  | use tp_keyring::Ed25519Keyring::Alice;
[INFO] [stdout]     |
[INFO] [stdout] 
[INFO] [stdout] 
[INFO] [stdout] error[E0425]: cannot find value `Alice` in this scope
[INFO] [stdout]    --> src/testing/pool.rs:893:16
[INFO] [stdout]     |
[INFO] [stdout] 893 |     let xt1 = uxt(Alice, 209);
[INFO] [stdout]     |                   ^^^^^ not found in this scope
[INFO] [stdout]     |
[INFO] [stdout] help: consider importing one of these items
[INFO] [stdout]     |
[INFO] [stdout] 19  | use tp_keyring::AccountKeyring::Alice;
[INFO] [stdout]     |
[INFO] [stdout] 19  | use tp_keyring::Ed25519Keyring::Alice;
[INFO] [stdout]     |
[INFO] [stdout] 
[INFO] [stdout] 
[INFO] [stdout] error[E0425]: cannot find value `Alice` in this scope
[INFO] [stdout]    --> src/testing/pool.rs:906:16
[INFO] [stdout]     |
[INFO] [stdout] 906 |     let xt1 = uxt(Alice, 209);
[INFO] [stdout]     |                   ^^^^^ not found in this scope
[INFO] [stdout]     |
[INFO] [stdout] help: consider importing one of these items
[INFO] [stdout]     |
[INFO] [stdout] 19  | use tp_keyring::AccountKeyring::Alice;
[INFO] [stdout]     |
[INFO] [stdout] 19  | use tp_keyring::Ed25519Keyring::Alice;
[INFO] [stdout]     |
[INFO] [stdout] 
[INFO] [stdout] 
[INFO] [stdout] error[E0422]: cannot find struct, variant or union type `Transfer` in this scope
[INFO] [stdout]    --> src/testing/pool.rs:941:17
[INFO] [stdout]     |
[INFO] [stdout] 941 |     let transfer = Transfer {
[INFO] [stdout]     |                    ^^^^^^^^ not found in this scope
[INFO] [stdout] 
[INFO] [stdout] 
[INFO] [stdout] error[E0425]: cannot find value `Alice` in this scope
[INFO] [stdout]    --> src/testing/pool.rs:942:9
[INFO] [stdout]     |
[INFO] [stdout] 942 |         from: Alice.into(),
[INFO] [stdout]     |               ^^^^^ not found in this scope
[INFO] [stdout]     |
[INFO] [stdout] help: consider importing one of these items
[INFO] [stdout]     |
[INFO] [stdout] 19  | use tp_keyring::AccountKeyring::Alice;
[INFO] [stdout]     |
[INFO] [stdout] 19  | use tp_keyring::Ed25519Keyring::Alice;
[INFO] [stdout]     |
[INFO] [stdout] 
[INFO] [stdout] 
[INFO] [stdout] error[E0425]: cannot find value `Bob` in this scope
[INFO] [stdout]    --> src/testing/pool.rs:943:7
[INFO] [stdout]     |
[INFO] [stdout] 943 |         to: Bob.into(),
[INFO] [stdout]     |             ^^^ not found in this scope
[INFO] [stdout]     |
[INFO] [stdout] help: consider importing one of these items
[INFO] [stdout]     |
[INFO] [stdout] 19  | use tp_keyring::AccountKeyring::Bob;
[INFO] [stdout]     |
[INFO] [stdout] 19  | use tp_keyring::Ed25519Keyring::Bob;
[INFO] [stdout]     |
[INFO] [stdout] 
[INFO] [stdout] 
[INFO] [stdout] error[E0425]: cannot find value `Alice` in this scope
[INFO] [stdout]    --> src/testing/pool.rs:947:72
[INFO] [stdout]     |
[INFO] [stdout] 947 |     let _bytes: tet_core::sr25519::Signature = transfer.using_encoded(|e| Alice.sign(e)).into();
[INFO] [stdout]     |                                                                           ^^^^^ not found in this scope
[INFO] [stdout]     |
[INFO] [stdout] help: consider importing one of these items
[INFO] [stdout]     |
[INFO] [stdout] 19  | use tp_keyring::AccountKeyring::Alice;
[INFO] [stdout]     |
[INFO] [stdout] 19  | use tp_keyring::Ed25519Keyring::Alice;
[INFO] [stdout]     |
[INFO] [stdout] 
[INFO] [stdout] 
[INFO] [stdout] error[E0425]: cannot find value `Alice` in this scope
[INFO] [stdout]    --> src/testing/pool.rs:978:15
[INFO] [stdout]     |
[INFO] [stdout] 978 |     let xt = uxt(Alice, 0);
[INFO] [stdout]     |                  ^^^^^ not found in this scope
[INFO] [stdout]     |
[INFO] [stdout] help: consider importing one of these items
[INFO] [stdout]     |
[INFO] [stdout] 19  | use tp_keyring::AccountKeyring::Alice;
[INFO] [stdout]     |
[INFO] [stdout] 19  | use tp_keyring::Ed25519Keyring::Alice;
[INFO] [stdout]     |
[INFO] [stdout] 
[INFO] [stdout] 
[INFO] [stdout] error[E0425]: cannot find value `Alice` in this scope
[INFO] [stdout]     --> src/testing/pool.rs:1024:15
[INFO] [stdout]      |
[INFO] [stdout] 1024 |     let xt = uxt(Alice, 209);
[INFO] [stdout]      |                  ^^^^^ not found in this scope
[INFO] [stdout]      |
[INFO] [stdout] help: consider importing one of these items
[INFO] [stdout]      |
[INFO] [stdout] 19   | use tp_keyring::AccountKeyring::Alice;
[INFO] [stdout]      |
[INFO] [stdout] 19   | use tp_keyring::Ed25519Keyring::Alice;
[INFO] [stdout]      |
[INFO] [stdout] 
[INFO] [stdout] 
[INFO] [stdout] warning: trait objects without an explicit `dyn` are deprecated
[INFO] [stdout]    --> src/testing/pool.rs:365:30
[INFO] [stdout]     |
[INFO] [stdout] 365 |     fn alice_uxt(nonce: u64) -> Extrinsic {
[INFO] [stdout]     |                                 ^^^^^^^^^ help: use `dyn`: `dyn Extrinsic`
[INFO] [stdout]     |
[INFO] [stdout]     = note: `#[warn(bare_trait_objects)]` on by default
[INFO] [stdout]     = warning: this was previously accepted by the compiler but is being phased out; it will become a hard error in the 2021 edition!
[INFO] [stdout]     = note: for more information, see issue #80165 <https://github.com/rust-lang/rust/issues/80165>
[INFO] [stdout] 
[INFO] [stdout] 
[INFO] [stdout] error[E0191]: the value of the associated types `Call` (from trait `tp_runtime::traits::Extrinsic`), `SignaturePayload` (from trait `tp_runtime::traits::Extrinsic`) must be specified
[INFO] [stdout]    --> src/testing/pool.rs:365:30
[INFO] [stdout]     |
[INFO] [stdout] 365 |     fn alice_uxt(nonce: u64) -> Extrinsic {
[INFO] [stdout]     |                                 ^^^^^^^^^ help: specify the associated types: `Extrinsic<Call = Type, SignaturePayload = Type>`
[INFO] [stdout] 
[INFO] [stdout] 
[INFO] [stdout] error: aborting due to 85 previous errors; 1 warning emitted
[INFO] [stdout] 
[INFO] [stdout] 
[INFO] [stdout] Some errors have detailed explanations: E0191, E0412, E0422, E0425, E0432, E0433.
[INFO] [stdout] 
[INFO] [stdout] For more information about an error, try `rustc --explain E0191`.
[INFO] [stdout] 
[INFO] [stderr] error: could not compile `tc-transaction-pool`
[INFO] [stderr] 
[INFO] [stderr] To learn more, run the command again with --verbose.
[INFO] running `Command { std: "docker" "inspect" "e80ae58d8d44b17b8d5e97422b47034605eb4ec8e9d1933735264eff75fa6511", kill_on_drop: false }`
[INFO] running `Command { std: "docker" "rm" "-f" "e80ae58d8d44b17b8d5e97422b47034605eb4ec8e9d1933735264eff75fa6511", kill_on_drop: false }`
[INFO] [stdout] e80ae58d8d44b17b8d5e97422b47034605eb4ec8e9d1933735264eff75fa6511
